). What is the greatest common factor of w and 64?
8
Let n(h) be the first derivative of -h**4/4 + 5*h**3/3 + 5*h**2 - 8*h - 2. Let s be n(6). What is the greatest common factor of 4 and s?
4
Let n = 739 - 719. What is the greatest common factor of 90 and n?
10
Suppose 4*x - 100 - 8 = 0. Let n be 240/(-28)*(-126)/27. Suppose 3*h = -12, 0 = v + 3*v - h - n. Calculate the greatest common factor of x and v.
9
Let k be 83320/400 + 12/(-40). What is the greatest common divisor of 13 and k?
13
Let q(m) = 5*m**2 + 5*m - 4. Let h be q(-5). What is the highest common factor of h and 352?
32
Suppose -3*j = -5*i - 11, 6*j + 6*i = 9*i + 57. Let p be (-2)/(-9) + 52/9. What is the highest common divisor of j and p?
6
Let p = -91 + 111. Calculate the highest common factor of 380 and p.
20
Let u(j) = -j**3 - 5*j**2 - j - 5. Let l be u(-6). Let x be (-1847)/(-10) + (-105)/(-350). What is the greatest common divisor of l and x?
37
Let i(f) = -f + 4. Let p be i(7). Let o be (6/(-18))/(p/18). Let x be (4*-106)/(-4) + o. Calculate the greatest common factor of 12 and x.
12
Let f(o) = o + 5. Let u be f(9). Let n be ((-3)/((-30)/u) + -3)*-35. Suppose 4*i - 21 = 11. Calculate the greatest common divisor of n and i.
8
Let z = -45 + 56. Let n = 314 - -126. Suppose -4*v + n = v. Calculate the greatest common factor of z and v.
11
Let r = 85 - 37. Suppose -3*p + 57 = -3*i + 9, -3*p + i + 48 = 0. What is the highest common divisor of p and r?
16
Let o = -47 + -56. Let f = o + 113. Calculate the highest common factor of f and 110.
10
Let c be (-24)/84 + 12*(-206)/(-28). Let v = -2 + 13. Calculate the highest common factor of v and c.
11
Suppose -3*k + 1 = u, 0 = -4*u + 3*u + 1. Suppose k = -3*q + 102 + 153. Calculate the highest common divisor of 17 and q.
17
Suppose 5*y = 14*y + 810. Let l = -74 - y. Calculate the greatest common divisor of l and 24.
8
Let y = -121 + 138. Let o be 1069/9 + 8/36. What is the highest common divisor of o and y?
17
Let c(d) = -d**2 - 43*d - 71. Let l be c(-24). What is the greatest common divisor of 70 and l?
35
Suppose 3*p = 3*v - 3, -9*p + 4*p - 3*v + 19 = 0. Suppose -2*u + 78 = 4*x, p*x - 1 = u + 32. What is the highest common divisor of 18 and x?
18
Let i(k) = 27 - 38*k - 12 - 13. Let a be i(-1). What is the highest common factor of 40 and a?
40
Let x(g) = g**2 + g. Let j be x(-1). Suppose c - 94 = 206. Suppose -4*d + j*d = -c. What is the highest common divisor of d and 15?
15
Let g = 227 - 135. Let a be (23/(-1))/((-7)/7). Calculate the greatest common divisor of a and g.
23
Let l(f) = 7*f**3 - 3*f**2 - 13*f + 28. Let h be l(3). Calculate the greatest common factor of h and 1.
1
Let j = 174 + -160. What is the highest common factor of j and 70?
14
Let d(j) = j**2 + 10*j - 26. Let r be d(-14). Suppose 60 = 4*l - 5*u, 0*l + 4*u + r = 2*l. Calculate the highest common divisor of l and 6.
3
Let t = -192 + 204. What is the highest common factor of 15 and t?
3
Suppose 4*r = 94 + 2. What is the greatest common divisor of 48 and r?
24
Let f = -57 + 183. Calculate the highest common divisor of f and 56.
14
Let p be ((39/3)/(-1))/(-1). Suppose 4*w - w = -h + 199, -5*w = -2*h - 317. What is the highest common divisor of p and w?
13
Let x be 51 + (20/10)/(10/(-15)). Calculate the highest common factor of x and 1200.
48
Let h(p) = -p**2 + 32*p + 353. Let b be h(-9). Let k be (6 - 2)/(4/(-18)). Let m = b - k. Calculate the greatest common factor of 10 and m.
2
Let u = 180 - 121. Suppose 0 = 3*x + x + 5*t - u, 0 = -5*x + 5*t + 130. Let v be ((-42)/5)/((-1)/20). What is the greatest common divisor of x and v?
21
Let t be (1*-5)/(5/30). Let w be t/25*5/(-2). Calculate the greatest common divisor of w and 2.
1
Suppose -r + 16 = 3*r. Suppose -r*d = 14 - 54. Calculate the greatest common factor of d and 80.
10
Let f = 14 - -1. Let l = 6541 - 6436. Calculate the greatest common divisor of l and f.
15
Suppose -22 - 194 = -8*w. Calculate the highest common divisor of 99 and w.
9
Let b = -2081 + 3056. Let k = -543 + b. What is the greatest common factor of 48 and k?
48
Let l = 1513 - 324. What is the highest common factor of l and 82?
41
Suppose 0 = 5*j + 3*s + 19 + 75, -j - 2*s - 16 = 0. Let o be 8*(345/j)/(-3). Calculate the highest common divisor of o and 2.
2
Let w(q) = q**3 - 10*q**2 - 14*q + 6. Let c be w(11). Let t be (-2)/(c/24 - -1). Suppose 5*b - 95 = -15. What is the greatest common divisor of b and t?
16
Suppose -4*w + 104 = 2*u, -2*u = -4*w - 43 - 61. Suppose 4*m - 4*s - 144 = 0, 3*m - 16 = -4*s + 113. Calculate the greatest common divisor of m and u.
13
Suppose 0 = 14*c - 36*c + 8624. Calculate the highest common factor of c and 8.
8
Let b(f) = -f**3 - 7*f**2 - 12*f - 12. Let v be b(-6). Calculate the highest common factor of v and 84.
12
Let p = 794 + -1168. Let j be (0 + 1)/((-34)/p). What is the highest common factor of j and 143?
11
Suppose -l = -0*l - 3*s - 37, 64 = 2*l + 4*s. Calculate the highest common factor of 2 and l.
2
Suppose -1836 = 4*a - 31*a. Calculate the greatest common divisor of a and 17.
17
Let f(t) = -3*t + 29. Let v be f(-9). Suppose -o = 3*x - 3*o - 86, 2*x - 2*o - v = 0. Calculate the greatest common divisor of x and 120.
30
Let v = 21 + -13. Let n = 294 + -14. Suppose -2*h - 3*h = -n. What is the greatest common divisor of h and v?
8
Let f(g) = -5*g - 6. Let y be f(-25). What is the greatest common factor of y and 14?
7
Suppose 0*z = -5*x - 3*z + 1250, 3*x - 3*z - 726 = 0. Let f be 38/(2 + -1 + 1). What is the highest common divisor of x and f?
19
Let a be ((-1008)/(-105))/((5 + -3)/40). What is the greatest common factor of a and 864?
96
Let w be -3 + -1 + 1 + 7. Suppose -5*u - 2*y = -u - 2, -4*u + y = -17. Let t be (-4)/(w - u) + 74. What is the highest common divisor of 28 and t?
14
Suppose -8 = u + 5*s, 2*s - 3 + 1 = -3*u. What is the highest common divisor of u and 176?
2
Let q(x) = -x**2 + 18*x - 11. Let n = 16 - -1. Let s be q(n). Calculate the greatest common factor of s and 54.
6
Let h = 9 + -12. Let l be h - (-1 - 7 - 0). Let r(u) = u**2 + 10*u + 22. Let c be r(-7). Calculate the highest common factor of l and c.
1
Let g(z) = -z**2 - z + 3. Let i be g(0). Suppose -155 = -i*m - 2*m. What is the highest common factor of 31 and m?
31
Suppose -4*b + 258 = 2*k, b - k - 37 = 26. What is the highest common factor of b and 152?
8
Let a = 440 - 426. What is the highest common divisor of a and 329?
7
Let w = -515 + 560. What is the greatest common divisor of w and 210?
15
Suppose -12 = -0*p - 4*p. Suppose -16 = p*i - 40. Suppose -44*z = 81*z - 1000. Calculate the highest common factor of i and z.
8
Suppose -189*c + 8184 = -178*c. Calculate the highest common divisor of c and 24.
24
Let c(u) = -3*u + 6. Let k be c(4). Let o be (-1)/(3/k - 0). Calculate the greatest common divisor of o and 26.
2
Let h(q) = -6*q - 36. Let x be h(-14). Calculate the highest common factor of 312 and x.
24
Let i be (1 - -15) + (12 - 14). Let l be 288/27 + 4/(-6). Suppose -13*x = -l*x - 84. What is the highest common factor of i and x?
14
Suppose -13*u + 5*s = -18*u + 1285, -4*s - 538 = -2*u. What is the highest common divisor of u and 27?
9
Let w be -24 + 157 + (0 - (-2)/(-2)). What is the highest common divisor of w and 99?
33
Suppose l - 32 = -l. Let z(g) = -g**2 - 9*g + 2. Let n be z(-7). Calculate the greatest common factor of n and l.
16
Suppose -v - 3*d = -25, -79 = -5*v - d - 24. Suppose 29*f + 560 = 36*f. What is the greatest common factor of v and f?
10
Suppose -5*d + 5 = -15. Suppose 2*i = -5*r + 20, -2*i + d*r = 3*i - 17. What is the greatest common divisor of 20 and i?
5
Let c(o) be the first derivative of -5*o**2 - 2*o + 30. Let b be c(-2). What is the greatest common divisor of b and 162?
18
Let q(b) = 52*b**3 - 5*b**2 + 28*b - 27. Let x be q(3). What is the greatest common divisor of x and 59?
59
Suppose 0*w - 26*w = -2288. Let q(u) = u**3 + 9*u**2 + 6*u + 6. Let t be q(-8). Calculate the greatest common factor of t and w.
22
Suppose 36 = v + v + 4*g, -5*g = -4*v + 7. Suppose -v*w + 36 = -6*w. Calculate the highest common divisor of w and 90.
18
Let h = -73 - -76. Suppose 2*q = -5*c + 10*c + 2, h*q = -4*c + 3. Calculate the highest common factor of 16 and q.
1
Let c = 23 - 3. Let n = 95 - c. Suppose -4*z + n = -757. What is